the hundred thousands digit of 5211107938?
1
What is the units digit of 339072973?
3
What is the units digit of 66524065?
5
What is the hundreds digit of 407439986?
9
What is the hundreds digit of 4874014447?
4
What is the millions digit of 6533366033?
3
What is the thousands digit of 448505402?
5
What is the hundreds digit of 75191920?
9
What is the ten millions digit of 54545309?
5
What is the tens digit of 71410026?
2
What is the millions digit of 6274152550?
4
What is the ten millions digit of 19450331?
1
What is the hundreds digit of 134721816?
8
What is the billions digit of 1137075596?
1
What is the ten millions digit of 118100917?
1
What is the millions digit of 1119888199?
9
What is the ten thousands digit of 176794586?
9
What is the units digit of 196482882?
2
What is the hundreds digit of 3650112633?
6
What is the ten millions digit of 128206310?
2
What is the millions digit of 1513739611?
3
What is the hundred millions digit of 389420988?
3
What is the ten thousands digit of 1137537317?
3
What is the tens digit of 30786979?
7
What is the hundreds digit of 159455175?
1
What is the hundred millions digit of 1467071599?
4
What is the hundreds digit of 30149744?
7
What is the tens digit of 95774505?
0
What is the units digit of 6286574944?
4
What is the hundreds digit of 1061923?
9
What is the tens digit of 39758775?
7
What is the billions digit of 1026711663?
1
What is the units digit of 2020093562?
2
What is the units digit of 208253091?
1
What is the ten thousands digit of 378782542?
8
What is the tens digit of 604842702?
0
What is the units digit of 15315651?
1
What is the millions digit of 30442721?
0
What is the ten thousands digit of 3974360905?
6
What is the hundreds digit of 41926483?
4
What is the hundred millions digit of 1067571472?
0
What is the hundreds digit of 45397724?
7
What is the millions digit of 2503741456?
3
What is the hundred thousands digit of 1085173150?
1
What is the tens digit of 377359724?
2
What is the thousands digit of 2320027202?
7
What is the hundred thousands digit of 57727987?
7
What is the ten millions digit of 352156056?
5
What is the ten millions digit of 18753422?
1
What is the hundred thousands digit of 42452228?
4
What is the hundred millions digit of 2021195934?
0
What is the hundred millions digit of 160788735?
1
What is the millions digit of 111135613?
1
What is the ten millions digit of 149476785?
4
What is the tens digit of 40648008?
0
What is the hundred millions digit of 129311268?
1
What is the ten millions digit of 25373520?
2
What is the hundred thousands digit of 166452120?
4
What is the hundred thousands digit of 593483848?
4
What is the ten thousands digit of 2981917?
8
What is the hundreds digit of 2248460826?
8
What is the units digit of 104305053?
3
What is the hundred thousands digit of 10133211?
1
What is the ten millions digit of 194352377?
9
What is the tens digit of 119564070?
7
What is the tens digit of 877771489?
8
What is the billions digit of 1117803869?
1
What is the thousands digit of 4251303183?
3
What is the hundreds digit of 406031843?
8
What is the ten millions digit of 1400144420?
0
What is the hundreds digit of 44534471?
4
What is the hundred thousands digit of 289668671?
6
What is the hundred millions digit of 731573665?
7
What is the millions digit of 422655094?
2
What is the hundred thousands digit of 661833714?
8
What is the hundreds digit of 861196228?
2
What is the ten thousands digit of 947416571?
1
What is the millions digit of 321070202?
1
What is the hundreds digit of 99479615?
6
What is the hundreds digit of 1392911938?
9
What is the hundreds digit of 373420723?
7
What is the millions digit of 1191856544?
1
What is the tens digit of 52506947?
4
What is the ten millions digit of 3077570507?
7
What is the hundreds digit of 3026233662?
6
What is the ten millions digit of 68455487?
6
What is the hundreds digit of 16317134?
1
What is the ten millions digit of 86388874?
8
What is the ten thousands digit of 3041929449?
2
What is the billions digit of 2293047908?
2
What is the ten millions digit of 79620878?
7
What is the ten thousands digit of 41900439?
0
What is the thousands digit of 909129230?
9
What is the millions digit of 34542603?
4
What is the hundred thousands digit of 1669574877?
5
What is the units digit of 252731223?
3
What is the hundred millions digit of 5502982717?
5
What is the hundred thousands digit of 75539494?
5
What is the hundreds digit of 70811415?
4
What is the millions digit of 2645975331?
5
What is the ten thousands digit of 1103921160?
2
What is the ten millions digit of 114884012?
1
What is the hundred millions digit of 1414423921?
4
What is the units digit of 352213343?
3
What is the units digit of 66974890?
0
What is the ten thousands digit of 741654474?
5
What is the tens digit of 115934259?
5
What is the units digit of 39310884?
4
What is the tens digit of 666214154?
5
What is the thousands digit of 25189433?
9
What is the hundreds digit of 38529687?
6
What is the tens digit of 48135255?
5
What is the ten thousands digit of 104432358?
3
What is the tens digit of 5228368?
6
What is the units digit of 966504730?
0
What is the thousands digit of 2100044870?
4
What is the millions digit of 46014498?
6
What is the tens digit of 400254068?
6
What is the tens digit of 213801576?
7
What is the thousands digit of 1981093887?
3
What is the millions digit of 62681004?
2
What is the units digit of 1369347413?
3
What is the millions digit of 138740003?
8
What is the millions digit of 47561537?
7
What is the hundred thousands digit of 92166097?
1
What is the ten thousands digit of 661920543?
2
What is the tens digit of 24528332?
3
What is the hundreds digit of 20581360?
3
What is the hundreds digit of 2034301709?
7
What is the thousands digit of 39412774?
2
What is the ten thousands digit of 71237996?
3
What is the tens digit of 224971251?
5
What is the units digit of 95782254?
4
What is the hundred thousands digit of 2533224707?
2
What is the hundreds digit of 678710192?
1
What is the hundred thousands digit of 2021791884?
7
What is the tens digit of 290341839?
3
What is the ten millions digit of 1164284382?
6
What is the ten thousands digit of 203070028?
7
What is the millions digit of 525063097?
5
What is the hundreds digit of 33692540?
5
What is the hundred thousands digit of 3386754394?
7
What is the hundred millions digit of 182377373?
1
What is the tens digit of 3715118046?
4
What is the thousands digit of 20932228?
2
What is the units digit of 4024933165?
5
What is the hundred thousands digit of 611097?
6
What is the hundred thousands digit of 109382880?
3
What is the ten millions digit of 384189662?
8
What is the ten thousands digit of 65977344?
7
What is the ten thousands digit of 27022719?
2
What is the thousands digit of 1018864396?
4
What is the ten millions digit of 35176406?
3
What is the ten thousands digit of 102515487?
1
What is the units digit of 2381668439?
9
What is the units digit of 300978253?
3
What is the hundred millions digit of 3076431413?
0
What is the thousands digit of 244464604?
4
What is the units digit of 356911115?
5
What is the millions digit of 178923321?
8
What is the hundred millions digit of 1203483014?
2
What is the billions digit of 2042699318?
2
What is the hundred millions digit of 6001506432?
0
What is the hundred millions digit of 1422709213?
4
What is the ten millions digit of 43208622?
4
What is the hundred millions digit of 7293117391?
2
What is the hundred thousands digit of 922440748?
4
What is the thousands digit of 479254707?
4
What is the hundreds digit of 2062938918?
9
What is the units digit of 164679594?
4
What is the units digit of 169156853?
3
What is the units digit of 66223518?
8
What is the millions digit of 1007308400?
7
What is the hundred thousands digit of 806500963?
5
What is the hundred thousands digit of 108680920?
6
What is the tens digit of 699614345?
4
What is the thousands digit of 734460674?
0
What is the millions digit of 56214923?
6
What is the thousands digit of 2629325407?
5
What is the millions digit of 3063273?
3
What is the millions digit of 212938993?
2
What is the tens digit of 844374974?
7
What is the hundred thousands digit of 2554365225?
3
What is th